{"id":1539,"date":"2017-08-30T03:50:47","date_gmt":"2017-08-30T03:50:47","guid":{"rendered":"https:\/\/sample-data.arrowtheme.com\/modus\/?post_type=product&#038;p=1539"},"modified":"2025-09-13T14:27:33","modified_gmt":"2025-09-13T07:27:33","slug":"mini-desk-17","status":"publish","type":"product","link":"https:\/\/vagoo.vn\/index.php\/san-pham\/mini-desk-17\/","title":{"rendered":"B\u1ed9 \u0111\u0169a \u0103n 5 \u0111\u00f4i &#8211; 5P Vagoo"},"content":{"rendered":"<p>5 \u0111\u00f4i \u0111\u0169a \u0103n l\u00e0m t\u1eeb g\u1ed7 t\u1ef1 nhi\u00ean, s\u01a1n t\u1ef1 nhi\u00ean t\u1eeb nh\u1ef1a c\u00e2y, an to\u00e0n v\u00e0 nh\u1eb9<\/p>\n","protected":false},"excerpt":{"rendered":"<p>5 \u0111\u00f4i \u0111\u0169a \u0103n l\u00e0m t\u1eeb g\u1ed7 t\u1ef1 nhi\u00ean, s\u01a1n t\u1ef1 nhi\u00ean t\u1eeb nh\u1ef1a c\u00e2y, an to\u00e0n v\u00e0 nh\u1eb9<\/p>\n","protected":false},"featured_media":2509,"comment_status":"open","ping_status":"closed","template":"","meta":[],"product_cat":[16,37,34],"product_tag":[],"class_list":["post-1539","product","type-product","status-publish","has-post-thumbnail","hentry","product_cat-chua-phan-loai","product_cat-do-dung-ban-an","product_cat-do-dung-trong-bep"],"_links":{"self":[{"href":"https:\/\/vagoo.vn\/index.php\/wp-json\/wp\/v2\/product\/1539","targetHints":{"allow":["GET"]}}],"collection":[{"href":"https:\/\/vagoo.vn\/index.php\/wp-json\/wp\/v2\/product"}],"about":[{"href":"https:\/\/vagoo.vn\/index.php\/wp-json\/wp\/v2\/types\/product"}],"replies":[{"embeddable":true,"href":"https:\/\/vagoo.vn\/index.php\/wp-json\/wp\/v2\/comments?post=1539"}],"wp:featuredmedia":[{"embeddable":true,"href":"https:\/\/vagoo.vn\/index.php\/wp-json\/wp\/v2\/media\/2509"}],"wp:attachment":[{"href":"https:\/\/vagoo.vn\/index.php\/wp-json\/wp\/v2\/media?parent=1539"}],"wp:term":[{"taxonomy":"product_cat","embeddable":true,"href":"https:\/\/vagoo.vn\/index.php\/wp-json\/wp\/v2\/product_cat?post=1539"},{"taxonomy":"product_tag","embeddable":true,"href":"https:\/\/vagoo.vn\/index.php\/wp-json\/wp\/v2\/product_tag?post=1539"}],"curies":[{"name":"wp","href":"https:\/\/api.w.org\/{rel}","templated":true}]}}